7 - 670. Let q = g - -844. What are the prime factors of q?
2, 3
Let j(w) = w**2 + 18*w + 109. Let v be j(-32). Let r = v + -196. List the prime factors of r.
19
Let w be ((-272)/2)/(64/160). List the prime factors of w/(-3) + (-2)/(-3) - -4.
2, 59
Let g(d) = d**3 + 12*d**2 - 3*d - 8. Let m(w) = 4*w**3 + w**2. Let b be m(-2). Let u = b - -16. List the prime factors of g(u).
2, 7
Suppose -4*f + f = -3. List the prime factors of (414 - 0 - f) + 7.
2, 3, 5, 7
Let g = 725 - 710. List the prime factors of -11 - (-19659)/g - (-3)/(-5).
3, 433
Let l be (-27 + 18)*(-22)/3. Suppose -2*n - 194 = 3*n - 3*y, -108 = 3*n + y. Let c = l - n. List the prime factors of c.
103
Let k(z) = -z**3 - 18*z**2 - 32*z - 12. Let l be k(-14). What are the prime factors of 1/(3/l*-1)?
2, 29
Let i = 74257 + 7376. List the prime factors of i.
3, 27211
Suppose 0 = -5*u - k + 3776, 3*u + 3*k = 1298 + 958. Suppose -n + 5*n - u = 0. What are the prime factors of n?
3, 7
Let w = 127 - 126. Let z be 3*w/2 - 161/(-14). Suppose 3*p = z*p - 1360. What are the prime factors of p?
2, 17
Suppose -228306 = -31*z + 123079. What are the prime factors of z?
5, 2267
Let r be (32/3)/8*93/(-2). Let a = r - -65. Suppose a*m - 2*i = 4 + 41, -2*m + i + 31 = 0. List the prime factors of m.
17
What are the prime factors of ((-6 - (-132)/21) + (-20138)/70)*-30?
2, 3, 479
Let o be (-141)/(-27) - 3*6/81. Suppose 5 = o*t, -31*g + 30*g - 2*t + 917 = 0. What are the prime factors of g?
3, 5, 61
Let l(a) = 4619*a - 115. What are the prime factors of l(14)?
3, 21517
Suppose -5*u + 3*u = -66. Let g = u + -8. Let i = 105 - g. List the prime factors of i.
2, 5
Let x = 4837 - -2213. What are the prime factors of x?
2, 3, 5, 47
Suppose -76 = r - 3*d - 0*d, 5*r + 420 = -5*d. Let s = 408 + r. List the prime factors of s.
2, 163
Suppose h - 43169 = 4*d, -116*d + 113*d - 43160 = -h. List the prime factors of h.
43133
Let w = 2111 + 7999. List the prime factors of w.
2, 3, 5, 337
Let n = -903 - -19378. What are the prime factors of n?
5, 739
Suppose 103745 = 5*z + 5*r, 45*z - 83026 = 41*z + r. List the prime factors of z.
5, 7, 593
Suppose b = j - 4406, 5*j - 22016 = -206*b + 204*b. What are the prime factors of j?
2, 3, 367
Let d(n) = -2*n**2 + n + 58. Let f be d(0). Let b = 60 - f. Suppose 5*u - 4*o - 154 = 0, 20 = b*u + o - 52. What are the prime factors of u?
2, 17
Let b(s) = -s**2 - 31*s - 116. Let k be b(-27). List the prime factors of 3862/(0 + 4 + k/4).
1931
Let a(d) = -d**3 + 6*d**2 - 5*d + 5. Let t be a(5). Let q = 3494 + -3493. Suppose -q = 2*g - 3, t*l - 1394 = -4*g. What are the prime factors of l?
2, 139
Suppose -2*r + 4*r + 3*v = 14, v = 3*r - 10. Suppose 5*t = -2*d + r*d - 1257, t - 3075 = -5*d. What are the prime factors of d?
2, 7, 11
Let v(u) = u**3 - 8*u**2 - 12*u - 14. Let a(d) = d**3 - 7*d**2 + 17*d - 6. Let q be a(4). List the prime factors of v(q).
2, 7, 71
Suppose -3*z - 96 = 393. Let x = -67 - z. Suppose -4*t = -x - 408. List the prime factors of t.
2, 3, 7
Let a(o) = 93*o**2 + 108*o - 254. What are the prime factors of a(17)?
149, 191
Let b = 19757 - 15690. List the prime factors of b.
7, 83
Let f be 2/(-5) + (-3 - (-384)/(-40)). Let u(q) = -q**3 - 12*q**2 - 16*q + 25. What are the prime factors of u(f)?
2, 3, 67
Let g(u) = 4*u**2 - 6*u + 83. Let d be g(18). Suppose 0 = 33*c - d - 6319. What are the prime factors of c?
2, 5, 23
Suppose -4*s - 735 - 22 = -3*h, -3*s + 1281 = 5*h. Let l = h - 67. Let o = l - 95. What are the prime factors of o?
3, 31
Let t be 4/(-18) - (-476)/36. Let c = 20 - t. Suppose -c = -b + 208. List the prime factors of b.
5, 43
Let y(b) = 6141*b - 4732. What are the prime factors of y(8)?
2, 11, 1009
Let c(x) = -3*x**3 + 5*x - 2. Let f be c(-4). Let h be 395/(-75) - (-44)/165. Let n = f - h. List the prime factors of n.
5, 7
Let s(f) = -4*f**2 + 5*f - 7*f**2 + 2 - f**3 - 2*f - 4. Let w be s(-13). Suppose -2*x + w = x. List the prime factors of x.
3, 11
Let q = -1 + 23. Suppose 18*f + 48 = q*f. Suppose -2*j = -72 - f. List the prime factors of j.
2, 3, 7
List the prime factors of ((-5547)/3)/((-20)/460) - 6*1.
101, 421
Let j(g) = 730*g - 2934. List the prime factors of j(31).
2, 1231
Let h be (-201)/2 - (-69)/(-46). Let s = 587 + h. List the prime factors of s.
5, 97
Suppose -72*y = -61*y - 12133. Let d = 2157 - y. List the prime factors of d.
2, 17, 31
Let q = -30 - -30. Suppose 24*w - 189 - 8931 = q. What are the prime factors of w?
2, 5, 19
List the prime factors of ((-714019)/(-201))/(1/3) + 7.
2, 31, 43
Let n be 5/((-176)/56 - -3). What are the prime factors of (-21)/(-6)*(-1)/(n/40)?
2
Let g(s) = -405*s - 1473. What are the prime factors of g(-31)?
2, 3, 1847
Let z = 63 + -60. Suppose 8 = -4*s, 29 + 27 = -5*j - z*s. Let t(r) = -r**3 - 8*r**2 + 12*r - 13. List the prime factors of t(j).
67
Let m be (-3 - 38/(-8) - 1)*4. Suppose 2 = w - m*f + f, -f - 1 = -4*w. What are the prime factors of 76/2 - (w/3 + 1)?
37
Let j be 2 + (1/(-5) - (-2)/10). Suppose 0 = -u + 5*p - 373, j*u - 2*p = 3*p - 761. Let h = u - -661. What are the prime factors of h?
3, 7, 13
List the prime factors of (-33 - -26)*-558*1.
2, 3, 7, 31
Suppose -154014 = -28*p + 10206. List the prime factors of p.
3, 5, 17, 23
Let f(b) be the first derivative of -2*b**2 - 56*b - 126. List the prime factors of f(-23).
2, 3
Let h be 2/((-8)/(-12)*-3). Let p(n) = -7*n - 2. Let x be p(h). Suppose -2*q + 10 = y - 114, -4*y - x*q + 481 = 0. List the prime factors of y.
2, 3, 19
Suppose 3*f - 70236 = -3*l, 2*f = -46*l + 49*l + 46799. List the prime factors of f.
89, 263
Suppose -3*d + 74 = -2*i + 5719, 2*d = -2*i + 5630. What are the prime factors of i?
2, 1409
Let i be ((-4 - -3)*-2)/(4 - 2). Let n(b) = -10*b + 13*b + 0*b + i - 2*b. What are the prime factors of n(3)?
2
Let m(t) = 24*t + 203. Let h(d) = -4*d. Let i(p) = -4*h(p) - m(p). List the prime factors of i(-47).
173
Let h be (0 - 36)*(-80)/(-48). Let b(f) = -f**3 - 35*f**2 - 32*f + 24. Let t be b(-34). Let a = t - h. List the prime factors of a.
2
Suppose 0 = 64*q - 50*q - 308. Suppose 30*k - q*k = 11336. What are the prime factors of k?
13, 109
Let r be (-4)/(6*6/5616). Let o = r + 1148. What are the prime factors of o?
2, 131
Suppose 77 = 32*k - 51. List the prime factors of (2 - 2246/4)*k/(-6).
373
Suppose -7*l - 10 + 24 = 0. Suppose -3695 = -4*g - 7*n + 2*n, 1834 = l*g - 2*n. List the prime factors of g.
2, 5, 23
Let o be 5*(-16)/(-120) + (-50)/(-6). Suppose -5*i + 6 = -o. Suppose -253 = -i*u + 83. What are the prime factors of u?
2, 7
Let t be 4/12*-3*482. Let r = 1019 + t. List the prime factors of r.
3, 179
Suppose 22*c - 2644 = 1124 + 122314. List the prime factors of c.
11, 521
Let j be (64/(-20) - -4) + (-8)/10. Suppose -g + 5 + 18 = j. Let v = 25 - g. List the prime factors of v.
2
Let k = 17674 - 12049. List the prime factors of k.
3, 5
Suppose -h = -4*h - 2*c + 120509, -3*h = -c - 120515. List the prime factors of h.
17, 139
List the prime factors of ((-62)/(-124))/((-2)/(-22912)).
2, 179
Let v(d) = 0*d**2 + 266*d**3 - 252*d**3 + 7 - 6*d**2 + d. What are the prime factors of v(3)?
2, 167
Suppose -g + 3*v + 205 = 0, 2*g = -2*g + 3*v + 811. Let z = g - 417. Let l = 20 - z. What are the prime factors of l?
5, 47
Let k(r) = -r**2 - 22*r + 28. Let s be k(-23). Let z be s*(3/5 - 0/(-3)). List the prime factors of (z - 8/4)*142.
2, 71
Suppose 4*b + 3*p - 56 = 0, 0 = -b + 3*b - 4*p - 50. Suppose -3*x + 9120 = b*x. What are the prime factors of x?
2, 3, 19
Suppose 2*m - 5*c = 354, -m + 174 = 4*c - 8*c. Let z(x) = x**3 + 7*x**2 + 4*x - 9. Let g be z(-6). Suppose m = -d + g*d. What are the prime factors of d?
7, 13
Let s(o) = 67*o + 3365. What are the prime factors of s(0)?
5, 673
Suppose -4*f + 4*p = -124, 0 = -2*f + 4*f - 3*p - 67. Let b(q) = -63*q + 1333. Let u be b(21). List the prime factors of (f/4)/(((-7)/u)/(-7)).
5, 13
What are the prime factors of 4/(-4) + -8 + (3 - -7085)?
7079
List the prime factors of 3/6*(2 + 2) + 16181.
16183
Let s(a) be the third derivative of 3*a**6/10 - a**4/8 + a**3/3 - 2*a**2 + 6*a. What are the prime factors of s(2)?
2, 71
Let m(q) = q**3 + q**2 + 34*q - 24. Let r(f) = 8*f**2 - 81*f + 20. Let i be r(10). List the prime factors of m(i).
2, 3, 59
Let j(p) = 62*p**3 - 4*p**2 + 7*p - 7. Suppose -4*v + 1 = 2*l - 3*v, 1